 3*z(b). Give a(-3).
-12
Let f(n) = -n**3 + 6*n**2 - 5*n + 2. Let w be f(5). Let o(t) = 2*t - 5*t + w*t - 2*t. Let p(x) = x + 4. Let y be p(-5). Calculate o(y).
3
Let w(p) = 2*p - 12. Let m be w(10). Let n(o) = -o**3 + 8*o**2 + o. Give n(m).
8
Let m(g) = -6*g + 2. Let h(f) = 5*f - 1. Let q(t) = 4*h(t) + 3*m(t). Let u(k) = k**2 - 12*k + 30. Let v be u(7). Calculate q(v).
-8
Let z = 2 - 2. Let h be z + (1 - (-7 - -2)). Let k(w) = w - w**2 - h*w - w. Determine k(-5).
5
Let f(o) = -2 + 0 + 6 - 2*o. Calculate f(-6).
16
Let v(n) = -2*n**2 - 5. Let m(s) = 2*s**2 + 6. Let c(l) = -6*m(l) - 7*v(l). Give c(-2).
7
Let b(d) be the second derivative of -1/6*d**3 - 7/120*d**5 - d + 0 + 0*d**2 - 3/8*d**4 - 1/360*d**6. Let l(n) be the second derivative of b(n). Give l(-6).
-3
Let m(a) = 1. Let n(r) = 2*r - 2. Let h(w) = -4*m(w) - n(w). Let i(f) = -5*f**3 - 2*f - 1. Let q be i(-1). Suppose 14 + q = -5*u. Give h(u).
6
Let k(o) = -1 - 3*o + 6 + 2*o - 1. Suppose 5*b - 21 + 1 = 0. Give k(b).
0
Suppose 0 = 2*h - h + 2*v + 5, 4*v = -16. Suppose h = 3*j - 9. Suppose 0 = -j*r + r - 9. Let b(z) = -z - 3. Determine b(r).
0
Let t(x) = -x**2 + 6*x - 2. Let b be t(5). Let j(d) be the third derivative of d**6/120 - d**5/30 - d**4/12 - 2*d**3/3 + 2*d**2. Calculate j(b).
-1
Suppose 4 = -2*b + 3*b. Suppose 3*z + 0*m = -2*m + 14, -12 = -b*z + 4*m. Suppose -25 = r + z*r. Let u(g) = g - 2. What is u(r)?
-7
Suppose 4*q - h - 32 = -5*h, -3*q + 3*h + 12 = 0. Let y = q + -7. Let l(w) = w + 2. Calculate l(y).
1
Let f(i) = -2 - 5*i + 8*i - 4*i - i. What is f(-3)?
4
Let r(z) be the third derivative of -z**6/40 - z**5/60 - 21*z**2. Determine r(1).
-4
Suppose -3*f = l + 2*l + 12, -5*f - 28 = -3*l. Let o be -1*(1 - 0) - -3. Let d(v) = 3*v**o - v - 3*v**3 + 2*v**2 - 4*v**2. Calculate d(l).
-3
Let y(p) be the second derivative of p**4/12 + p**3/6 - 9*p. What is y(-1)?
0
Let q(i) = i**3 - 6*i**2 - 3*i + 5. Let v(z) = z**3 - 6*z**2 - 2*z + 4. Let h(a) = 2*q(a) - 3*v(a). Calculate h(6).
-2
Let k(l) = -3*l + 4. Suppose 5*t - 37 = -4*b, 2*b = -2*t + 7*t - 19. Give k(t).
-11
Let x(z) be the third derivative of -z**8/6720 - z**7/504 + z**5/30 - 5*z**4/24 + 6*z**2. Let n(k) be the second derivative of x(k). Determine n(-4).
-12
Let n(d) = d + 3. Let t be (78/(-13))/(3/(-2)). What is n(t)?
7
Let k(g) be the third derivative of g**4/12 - 3*g**3/2 - 2*g**2. Let z be (-40)/(-7) + 4/14. Give k(z).
3
Let s(l) be the second derivative of -l**5/20 - l**4/2 - 2*l**3/3 - l**2/2 + 2*l. Give s(-5).
-6
Let t(g) = -2*g**2 - g**3 + 3*g**2 - 6*g**2 + 11*g**2 + g - 3. What is t(5)?
27
Let x(o) = -o**2 + 2. Let v be x(0). Let f = 6 - v. Let q(s) be the second derivative of -s**4/12 + 5*s**3/6 - 5*s**2/2 + 6*s. What is q(f)?
-1
Suppose 2*o = 6*o - 4. Let n(z) = -2*z**2 - 4*z - o - 3 + 10 + z**2. Calculate n(-5).
1
Let h(r) = r**2 + 3*r - 3. Let x be h(-3). Suppose 0 = -0*d + d - 2. Let s(n) = -4*n - n**2 - n + 2*n - d. Calculate s(x).
-2
Let s(i) = -4*i**3 - 8*i**2 - 8. Let k(h) = 3*h**3 + 7*h**2 + h + 7. Let b(v) = -3*k(v) - 2*s(v). Let g = 7 + -11. Determine b(g).
-9
Let g(a) = a**3 + 12*a**2 + a + 15. Let b be g(-12). Let n(u) = -u**3 - 2*u**2 + 15*u - 7*u + 4 - b*u**2. What is n(-6)?
-8
Let f(y) = 2*y - 4. Let g = -11 - -16. Suppose -5*r + 3*n + 7 = 0, 5*r - 1 - g = 4*n. Let w = 5 - r. Calculate f(w).
2
Let h(i) = -2*i - 4. Let o be (1 - -1)*2 + -8. Determine h(o).
4
Let n be (-17)/(-3) - 4/(-12). Let d(l) = 0 - l + n - 1 - 4. What is d(0)?
1
Let l(d) = -d - 5. Let c be l(-4). Suppose -16 = -t - 10. Let g(h) = t*h + 1 + 6*h**2 - 2*h**2 - 6*h. Give g(c).
5
Let h(o) = -4*o - 6. Let u(m) = m + 2. Let p(j) = -2*h(j) - 7*u(j). Give p(-3).
-5
Suppose q + 6 = 2*c, -3*c - 2*q - 1 = -6*q. Let x(u) = -4 - c - 10*u + 9*u + 3. Give x(0).
-6
Let h be (2/2)/(1/2). Let l(t) = -2 + h*t + 0*t - t. Suppose -w + 2*w = -5. Determine l(w).
-7
Let j(c) be the second derivative of 0 + 3*c**2 + 7/12*c**4 - 3/2*c**3 - 1/20*c**5 + c. Calculate j(6).
-12
Let b = 7 + -2. Let k(f) = 6*f**2 + 5*f**2 - 6*f**2 - 7*f + 8*f**2 - 3. Let z(i) = -7*i**2 + 4*i + 2. Let y(a) = b*z(a) + 3*k(a). What is y(1)?
4
Let o = 2 + 0. Let n(w) = 2*w - w**3 - 2 - 5*w**o + 2*w**2 - 5*w + 1. Suppose 4*k = 2*k - 4. Determine n(k).
1
Let h(t) be the third derivative of 0*t + 0*t**3 + 0 + 1/240*t**6 + 1/60*t**5 + 1/12*t**4 - 2*t**2. Let b(l) be the second derivative of h(l). Calculate b(-3).
-7
Let q(z) = 1 - z**3 - 3*z**2 - 6*z**2 - 10*z - 1 - 11. Determine q(-8).
5
Let a(p) = -3*p**2 + 2*p. Suppose 3 = 3*u, -u - 3*u = -4*k + 8. Determine a(k).
-21
Let s(x) = 4 + x - 2*x - 7 + 9. Give s(6).
0
Let x(b) = b**3 - 24*b**2 - 52*b + 5. Let d be x(26). Let q(g) = 6*g. What is q(d)?
30
Let k(y) = -y**3 - 5*y**2 + 7*y + 1. Suppose 0*t = 2*t - 18. Let j be 12/(-5)*150/t. Let d be j/7 + 8/(-28). What is k(d)?
-5
Let y be ((-2)/3)/(1/(-3)). Let z(g) be the first derivative of -4 + g**2 - 4*g**2 + 6*g**2 - g. Give z(y).
11
Suppose h = -j + 33 + 2, 5*j + 3*h = 181. Let n(l) = -l**2 + 35*l + 4 + 2*l**2 - j*l. Determine n(3).
4
Let g(v) = -5*v**3 - v**2 + 6*v + 13. Let h(t) = 11*t**3 + t**2 - 12*t - 27. Let u(i) = 13*g(i) + 6*h(i). What is u(6)?
7
Let c(w) be the second derivative of -1/2*w**2 + 0 - 2*w - 1/6*w**3. Determine c(-4).
3
Let m(v) = 3*v + 5. Let p(u) = -2*u**3 + 4*u**2 - 3*u + 2. Let n be p(2). Calculate m(n).
-7
Let d(p) be the second derivative of -p**5/20 - p**4/3 + p**2 - 12*p. What is d(-3)?
-7
Let x(l) = -9*l + 3. Let i(v) = -4*v + 2. Let g(w) = -7*i(w) + 3*x(w). What is g(6)?
1
Let m be (-1)/((-2)/4) - -2. Suppose x - 26 = -x. Let s(p) = 4*p - x - 3*p + 11. What is s(m)?
2
Let b = 5 - 8. Let q(v) = 2*v**2 + 5*v + 3. Determine q(b).
6
Let b(k) = -14*k**2 - 8*k - 9. Let u(o) = 5*o**2 + 3*o + 3. Let h(f) = -6*b(f) - 17*u(f). Suppose -11*g + 13 + 9 = 0. What is h(g)?
-7
Let h(o) be the second derivative of o**5/20 + o**4/2 - 5*o**3/6 + 7*o**2/2 - 21*o. What is h(-7)?
-7
Let d(f) = f**3 - 6*f**2 - 2*f - 5. Let a be d(6). Let s = -12 - a. Let c(t) = -1 + s*t - 1 - 8*t. Calculate c(2).
-8
Let s(m) = -m**2 + 1. Let h(a) = -21*a**2 - 2*a + 7. Let q(u) = -h(u) + 6*s(u). What is q(1)?
16
Let k(r) be the first derivative of -5*r**2/2 + 5*r + 4. Let b(p) = -p. Let w(s) = 4*b(s) - k(s). Determine w(5).
0
Let j(w) = w**2 - 2*w - 6. Let o(h) = -3*h**2 + 6*h + 17. Let i(f) = -11*j(f) - 4*o(f). Give i(3).
1
Let h be 9/3*1*1. Let r(x) = 0*x**3 + 6*x**2 + x**h - x**2 - 6*x. Calculate r(-6).
0
Let f(l) = 5*l**2 - 1. Suppose 0 = -2*y - 0*y - 2. Calculate f(y).
4
Suppose 0 = -y - 1, -5*t + 5*y - 2 + 22 = 0. Let r(s) = 2*s - t + 0*s - s. Let h = 43 - 46. Calculate r(h).
-6
Let u = -41 + 39. Let q(n) = -6*n - 3. Let g(v) = -5*v - 3. Let x(w) = 5*g(w) - 4*q(w). Let z(h) = 2*h + 8. Let l(c) = 8*x(c) + 3*z(c). What is l(u)?
4
Let r(j) = j**3 - j**2 + j + 1. Let i(x) = 3*x**3 + 5*x + 6. Let z = -1 - 0. Let b(s) = z*i(s) + 4*r(s). Let a = 4 + 0. What is b(a)?
-6
Let p(q) be the first derivative of q**3/3 - 7*q**2/2 + 9*q - 8. Determine p(6).
3
Suppose 0*d - 2*d + 12 = 0. Let h(x) = -3*x + 32. Let v(f) = f - 11. Let l(b) = 3*h(b) + 8*v(b). What is l(d)?
2
Let f(u) = 2*u - 4. Let p(y) = y**3 + 7*y**2 - 4. Let g be p(-7). Determine f(g).
-12
Let o(b) = b**3 + 9*b**2 + 9*b + 10. Let l be o(-8). Let z(s) = l*s + s**3 + 0*s + 2*s**2 + s**2 + 0*s**2 - 2. Give z(-2).
-2
Let o be 4/(3 - 5) + 5. Let f(y) = 3*y - o + 0 - 2*y - 1. Suppose 21 = 4*a + p, 4*a - 32 = -5*p + 9. Determine f(a).
0
Let s(d) = -d**3 - 4*d**2 + 3*d - 1. Suppose 3*u - 6*u = 15. Determine s(u).
9
Let g(n) = 6*n + 19. Let t(c) = 4*c + 12. Let x(q) = -5*g(q) + 8*t(q). Determine x(2).
5
Let g(o) be the second derivative of 2*o + 1/20*o**5 + 0 - 1/3*o**3 - 3/2*o**2 + 1/3*o**4. Suppose -4*x = -3*x + 4. Determine g(x).
5
Let p(y) = -y. Let l(o) be the first derivative of o**2/2 - 1. Let m(f) = -5*l(f) - 2*p(f). Let h be 2 + 4/(-1) - 0. Determine m(h).
6
Let g(j) = -j**3 - j**2 + 2*j - 1. Let m be g(-2). Let i(q) = -19*q**3 + 1. Calculate i(m).
20
Let p be (-3)/(-1)*4/6. Suppose 2 = -h - 0*h - 2*g, 5*h - 14 = p*g. Let w(v) be the third derivative of -v**6/120 + v**5/60 + v**3/6 + 36*v**2. Calculate w(h).
-3
Let s(q) = q**3 - q**2 - q + 5. Let g(c) = -c + 2. Let h(n) = -2*n + 3. Let b(t) = 7*g(t) - 4*h(t). Let k be b(-2). Give s(k).
5
Let